22?
2
What is the units digit of 2212?
2
What is the ten thousands digit of 65350?
6
What is the units digit of 95?
5
What is the thousands digit of 1365?
1
What is the hundreds digit of 72072?
0
What is the hundreds digit of 774?
7
What is the tens digit of 2649?
4
What is the tens digit of 3159?
5
What is the thousands digit of 21436?
1
What is the hundreds digit of 1819?
8
What is the hundreds digit of 818?
8
What is the units digit of 16580?
0
What is the tens digit of 6903?
0
What is the units digit of 78?
8
What is the hundreds digit of 10469?
4
What is the ten thousands digit of 15514?
1
What is the hundreds digit of 47816?
8
What is the thousands digit of 147958?
7
What is the tens digit of 213?
1
What is the tens digit of 2830?
3
What is the hundreds digit of 23552?
5
What is the units digit of 30043?
3
What is the hundreds digit of 140?
1
What is the thousands digit of 9222?
9
What is the thousands digit of 80982?
0
What is the units digit of 10445?
5
What is the hundreds digit of 9301?
3
What is the thousands digit of 73037?
3
What is the units digit of 96759?
9
What is the tens digit of 102?
0
What is the hundreds digit of 24174?
1
What is the ten thousands digit of 16001?
1
What is the hundreds digit of 798?
7
What is the tens digit of 4893?
9
What is the units digit of 21845?
5
What is the ten thousands digit of 14196?
1
What is the units digit of 5747?
7
What is the hundreds digit of 6575?
5
What is the hundreds digit of 497?
4
What is the tens digit of 2157?
5
What is the units digit of 6756?
6
What is the units digit of 29051?
1
What is the ten thousands digit of 44608?
4
What is the tens digit of 1955?
5
What is the hundreds digit of 839?
8
What is the units digit of 1475?
5
What is the hundreds digit of 183?
1
What is the tens digit of 17004?
0
What is the ten thousands digit of 24509?
2
What is the tens digit of 1698?
9
What is the hundreds digit of 715?
7
What is the thousands digit of 2272?
2
What is the thousands digit of 145837?
5
What is the units digit of 1155?
5
What is the hundreds digit of 413?
4
What is the hundreds digit of 16615?
6
What is the thousands digit of 2917?
2
What is the tens digit of 383?
8
What is the units digit of 4?
4
What is the tens digit of 895?
9
What is the hundreds digit of 2138?
1
What is the units digit of 140?
0
What is the tens digit of 529?
2
What is the units digit of 61266?
6
What is the units digit of 5430?
0
What is the ten thousands digit of 12499?
1
What is the units digit of 14543?
3
What is the units digit of 2506?
6
What is the thousands digit of 66239?
6
What is the tens digit of 13550?
5
What is the units digit of 10280?
0
What is the thousands digit of 23953?
3
What is the ten thousands digit of 10407?
1
What is the hundreds digit of 35753?
7
What is the units digit of 57297?
7
What is the tens digit of 726?
2
What is the thousands digit of 15728?
5
What is the units digit of 27406?
6
What is the thousands digit of 4251?
4
What is the hundreds digit of 9376?
3
What is the hundreds digit of 289?
2
What is the hundred thousands digit of 111165?
1
What is the hundreds digit of 14132?
1
What is the hundreds digit of 3565?
5
What is the units digit of 28172?
2
What is the units digit of 1525?
5
What is the ten thousands digit of 23676?
2
What is the units digit of 1647?
7
What is the tens digit of 899?
9
What is the ten thousands digit of 21031?
2
What is the tens digit of 643?
4
What is the hundreds digit of 305?
3
What is the tens digit of 1337?
3
What is the ten thousands digit of 15403?
1
What is the thousands digit of 2406?
2
What is the units digit of 11402?
2
What is the hundreds digit of 6508?
5
What is the tens digit of 57743?
4
What is the hundreds digit of 1419?
4
What is the ten thousands digit of 16102?
1
What is the thousands digit of 3833?
3
What is the thousands digit of 1595?
1
What is the tens digit of 68?
6
What is the tens digit of 20819?
1
What is the tens digit of 110148?
4
What is the tens digit of 4669?
6
What is the hundreds digit of 108?
1
What is the hundreds digit of 9296?
2
What is the ten thousands digit of 118985?
1
What is the thousands digit of 6114?
6
What is the hundreds digit of 133?
1
What is the thousands digit of 2681?
2
What is the thousands digit of 2929?
2
What is the thousands digit of 2201?
2
What is the units digit of 461?
1
What is the units digit of 865?
5
What is the thousands digit of 133045?
3
What is the thousands digit of 3958?
3
What is the thousands digit of 7543?
7
What is the thousands digit of 2595?
2
What is the hundreds digit of 1527?
5
What is the hundreds digit of 573?
5
What is the units digit of 47?
7
What is the units digit of 5717?
7
What is the tens digit of 4564?
6
What is the units digit of 1043?
3
What is the tens digit of 892?
9
What is the tens digit of 30299?
9
What is the tens digit of 1586?
8
What is the thousands digit of 9209?
9
What is the hundreds digit of 1261?
2
What is the tens digit of 3699?
9
What is the tens digit of 77840?
4
What is the hundreds digit of 2783?
7
What is the tens digit of 710?
1
What is the thousands digit of 21813?
1
What is the hundreds digit of 20063?
0
What is the thousands digit of 109891?
9
What is the hundreds digit of 2045?
0
What is the units digit of 4275?
5
What is the tens digit of 6090?
9
What is the hundreds digit of 986?
9
What is the hundreds digit of 329?
3
What is the tens digit of 19432?
3
What is the thousands digit of 2569?
2
What is the hundreds digit of 16017?
0
What is the thousands digit of 2466?
2
What is the tens digit of 1123?
2
What is the ten thousands digit of 54548?
5
What is the hundreds digit of 333?
3
What is the tens digit of 10796?
9
What is the ten thousands digit of 15893?
1
What is the units digit of 159008?
8
What is the units digit of 8548?
8
What is the units digit of 197?
7
What is the units digit of 3722?
2
What is the tens digit of 670?
7
What is the hundreds digit of 845?
8
What is the thousands digit of 3258?
3
What is the tens digit of 8207?
0
What is the hundreds digit of 29757?
7
What is the hundreds digit of 5698?
6
What is the tens digit of 92955?
5
What is the tens digit of 71073?
7
What is the hundred thousands digit of 119767?
1
What is the units digit of 4545?
5
What is the hundreds digit of 1601?
6
What is the tens digit of 1249?
4
What is the units digit of 2438?
8
What is the units digit of 28819?
9
What is the tens digit of 102343?
4
What is the tens digit of 3307?
0
What is the hundreds digit of 21747?
7
What is the hundreds digit of 1536?
5
What is the ten thousands digit of 22354?
2
What is the thousands digit of 5211?
5
What is the hundreds digit of 12162?
1
What is the units digit of 9404?
4
What is the tens digit of 2032?
3
What is the units digit of 1070?
0
What is the thousands digit of 3234?
3
What is the hundreds digit of 54308?
3
What is the hundreds digit of 129299?
2
What is the tens digit of 82?
8
What is the hundreds digit of 785?
7
What is the hundreds digit of 49333?
3
What is the tens digit of 1918?
1
What is the units digit of 16327?
7
What is the tens digit of 10666?
6
What is the hundred thousands digit of 143705?
1
What is the hundreds digit of 54669?
6
What is the thousands digit of 16155?
6
What is the units digit of 7876?
6
What is the units digit of 19878?
8
What is the thousands digit of 5509?
5
What is the tens digit of 84854?
5
What is the units digit of 1566?
6
What is the thousands digit of 1079?
1
What is the hundreds digit of 13645?
6
What is the hundred thousands digit of 126282?
1
What is the thousands digit of 8887?
8
What is the ten thousands digit of 10319?
1
What is the units digit of 1957?
7
What is the thousands digit of 2492?
2
What is the hundreds digit of 577?
5
What is the thousands digit of 37861?
7
What is the units digit of 2104?
4
What is the thousands digit of 14301?
4
What is the thousands digit of 3916?
3
What is the units digit of 2206?
6
What is the hundreds digit of 433?
4
What is the tens digit of 382?
8
What is the thousands digit of 4080?
4
What is the tens digit of 2355?
5
What is the ten thousands digit of 34345?
3
What is the units digit of 296?
6
What is the tens digit of 37186?
8
What is the tens digit of 529?
2
What is the units digit of 1348?
8
What i